{"id":1873,"date":"2025-08-26T10:10:24","date_gmt":"2025-08-26T08:10:24","guid":{"rendered":"https:\/\/ecrireetpluscom.wordpress.com\/?page_id=1873"},"modified":"2026-01-26T16:49:20","modified_gmt":"2026-01-26T16:49:20","slug":"la-pedagogie-de-la-langue-ecrite","status":"publish","type":"page","link":"https:\/\/ecrireetplus.com\/?page_id=1873","title":{"rendered":"La P\u00e9dagogie de la Langue \u00c9crite (PLE)"},"content":{"rendered":"\n<figure class=\"wp-block-image size-large is-resized\" id=\"langue-\u00e9crite-ludique\"><img loading=\"lazy\" decoding=\"async\" width=\"960\" height=\"959\" src=\"http:\/\/ecrireetplus.com\/wp-content\/uploads\/2025\/08\/img_0038-2.jpg?w=960\" alt=\"S\u00e9ance de p\u00e9dagogie de la langue \u00e9crite pour travailler l'orthographe, la conjugaison et la grammaire avec Carole Poirier.\" class=\"wp-image-1924\" style=\"aspect-ratio:1.3333333333333333;object-fit:cover;width:793px;height:auto\" srcset=\"https:\/\/ecrireetplus.com\/wp-content\/uploads\/2025\/08\/img_0038-2.jpg 960w, https:\/\/ecrireetplus.com\/wp-content\/uploads\/2025\/08\/img_0038-2-300x300.jpg 300w, https:\/\/ecrireetplus.com\/wp-content\/uploads\/2025\/08\/img_0038-2-150x150.jpg 150w, https:\/\/ecrireetplus.com\/wp-content\/uploads\/2025\/08\/img_0038-2-768x767.jpg 768w\" sizes=\"auto, (max-width: 960px) 100vw, 960px\" \/><\/figure>\n\n\n\n<p class=\"has-text-align-right\" style=\"font-size:14px\">Verbopoly <strong>\u00a9<\/strong>H\u00e9l\u00e8ne Pierson<\/p>\n\n\n\n<h2 class=\"wp-block-heading has-text-color has-link-color wp-elements-387a04c17e36a39217054af7b5fa16b9\" style=\"color:#6408b9;font-size:18px;text-transform:none\">Difficult\u00e9s en lecture et orthographe : L\u2019accompagnement en P\u00e9dagogie de la Langue \u00c9crite (PLE)<\/h2>\n\n\n\n<p class=\"has-montserrat-font-family\" id=\"langue-\u00e9crite-grammaire-orthographe\" style=\"font-size:16px;line-height:1.8;text-transform:none\">La P\u00e9dagogie de la Langue \u00c9crite n&rsquo;est pas un simple cours de soutien. C&rsquo;est une approche globale qui permet de r\u00e9concilier l&rsquo;apprenant avec le sens des mots, la structure des phrases et le plaisir de s&rsquo;exprimer. Que ce soit pour surmonter des&nbsp;<strong>troubles de l&rsquo;apprentissage (dyslexie, dysorthographie)<\/strong>&nbsp;ou pour renforcer sa&nbsp;<strong>ma\u00eetrise du fran\u00e7ais<\/strong>, cette m\u00e9thode offre des outils concrets et durables. H\u00e9l\u00e8ne Pierson et l&rsquo;<a href=\"https:\/\/www.association5e.fr\/page\/3011618-la-pedagogie-de-la-langue-ecrite\">Association 5E<\/a>  ont mis au point une m\u00e9thode innovante et ludique pour mieux rem\u00e9dier aux difficult\u00e9s en grammaire, conjugaison et orthographe.<\/p>\n\n\n\n<h2 class=\"wp-block-heading has-text-color has-link-color wp-elements-eee35d590cca0ed866b8486348304ec5\" style=\"color:#6408b9;font-size:22px\">Une approche concr\u00e8te<\/h2>\n\n\n\n<p id=\"langue-\u00e9crite-approche\" style=\"font-size:16px\">\u2705 <strong>Orthographe<\/strong> : l&rsquo;\u00e9tude des r\u00e9gularit\u00e9s orthographiques.<br>\u2705 <strong>Grammaire :<\/strong> la logique de la langue fran\u00e7aise pour mieux comprendre et s&rsquo;exprimer.<br>\u2705  <strong>Expression \u00c9crite :<\/strong>&nbsp;la structure du r\u00e9cit et l&rsquo;organisation de la pens\u00e9e pour r\u00e9diger avec aisance.<br>\u2705 <strong>Confiance en soi :<\/strong>&nbsp;retrouver l&rsquo;envie d&rsquo;apprendre.<\/p>\n\n\n\n<h2 class=\"wp-block-heading has-text-color has-link-color wp-elements-14c0060658ed2882ca15cb16a9309e55\" style=\"color:#6408b9;font-size:22px;text-transform:none\">Une approche innovante<\/h2>\n\n\n\n<p class=\"has-montserrat-font-family\" id=\"langue-\u00e9crite-expertise\" style=\"font-size:16px;line-height:1.8;text-transform:none\">Au fil des s\u00e9ances, vous apprendrez \u00e0 ma\u00eetriser le fonctionnement de la langue fran\u00e7aise de fa\u00e7on ludique.<br>\u2705 <strong>Une expertise reconnue :<\/strong>&nbsp;une m\u00e9thode p\u00e9dagogique test\u00e9e et \u00e9prouv\u00e9e qui s&rsquo;adapte au rythme de chaque profil (enfants, ados, adultes).<br>\u2705 <strong>Une m\u00e9thode sensorielle et logique :<\/strong> La m\u00e9morisation \u00e0 long terme est facilit\u00e9e par l&rsquo;association du geste et du raisonnement.<br>\u2705 <strong>Accompagnement des troubles DYS :<\/strong>&nbsp;Une approche sp\u00e9cifique pour aider les \u00e9l\u00e8ves dyslexiques ou dysorthographiques \u00e0 contourner leurs difficult\u00e9s.<br><\/p>\n\n\n\n<h2 class=\"wp-block-heading has-text-color has-link-color wp-elements-b2b493eccfd3836a5a79b19130229dc3\" style=\"color:#6408b9;font-size:22px;text-transform:none\">Une m\u00e9thode efficace<\/h2>\n\n\n\n<p id=\"langue-\u00e9crite-personnalis\u00e9e\" style=\"font-size:16px\">\u2705 Approche personnalis\u00e9e<br>\u2705 Prise conscience des r\u00e9gularit\u00e9s de la langue<br>\u2705 Activit\u00e9s adapt\u00e9es au niveau et aux attentes de chacun<br>\u2705 Parent-s int\u00e9gr\u00e9-s au processus, pour le suivi d&rsquo;un enfant.<\/p>\n\n\n\n<div class=\"wp-block-buttons is-layout-flex wp-block-buttons-is-layout-flex\">\n<div class=\"wp-block-button\" id=\"pedagogie-langue-\u00e9crite\"><a class=\"wp-block-button__link has-white-color has-vivid-purple-background-color has-text-color has-background has-link-color has-custom-font-size wp-element-button\" href=\"https:\/\/ecrireetplus.com\/?page_id=1484\" style=\"font-size:16px\">Prenez rendez-vous<\/a><\/div>\n<\/div>\n\n\n\n<p><\/p>\n","protected":false},"excerpt":{"rendered":"<p>Verbopoly \u00a9H\u00e9l\u00e8ne Pierson Difficult\u00e9s en lecture et orthographe : L\u2019accompagnement en P\u00e9dagogie de la Langue \u00c9crite (PLE) La P\u00e9dagogie de la Langue \u00c9crite n&rsquo;est pas un simple cours de soutien. C&rsquo;est une approche globale qui permet de r\u00e9concilier l&rsquo;apprenant avec le sens des mots, la structure des phrases et le plaisir de s&rsquo;exprimer. Que ce &hellip; <a href=\"https:\/\/ecrireetplus.com\/?page_id=1873\" class=\"more-link\">Lire la suite <span class=\"screen-reader-text\">La P\u00e9dagogie de la Langue \u00c9crite (PLE)<\/span><\/a><\/p>\n","protected":false},"author":2,"featured_media":0,"parent":0,"menu_order":0,"comment_status":"closed","ping_status":"closed","template":"","meta":{"footnotes":""},"class_list":["post-1873","page","type-page","status-publish","hentry"],"yoast_head":"<!-- This site is optimized with the Yoast SEO plugin v27.4 - https:\/\/yoast.com\/product\/yoast-seo-wordpress\/ -->\n<title>La P\u00e9dagogie de la Langue \u00c9crite (PLE) -<\/title>\n<meta name=\"description\" content=\"Difficult\u00e9s en lecture ou orthographe ? P\u00e9dagogie de la Langue \u00c9crite pour enfants et adultes pour apprendre et r\u00e9diger.\" \/>\n<meta name=\"robots\" content=\"index, follow, max-snippet:-1, max-image-preview:large, max-video-preview:-1\" \/>\n<link rel=\"canonical\" href=\"https:\/\/ecrireetplus.com\/?page_id=1873\" \/>\n<meta property=\"og:locale\" content=\"fr_FR\" \/>\n<meta property=\"og:type\" content=\"article\" \/>\n<meta property=\"og:title\" content=\"Mieux comprendre orthographe, conjugaison, grammaire en s&#039;amusant\" \/>\n<meta property=\"og:description\" content=\"P\u00e9dagogie de la langue \u00e9crite, des activit\u00e9s ludiques pour mieux apprendre l&#039;orthographe, la conjugaison et la grammaire.\" \/>\n<meta property=\"og:url\" content=\"https:\/\/ecrireetplus.com\/?page_id=1873\" \/>\n<meta property=\"article:publisher\" content=\"https:\/\/www.facebook.com\/EcrireEtPlus\" \/>\n<meta property=\"article:modified_time\" content=\"2026-01-26T16:49:20+00:00\" \/>\n<meta property=\"og:image\" content=\"http:\/\/ecrireetplus.com\/wp-content\/uploads\/2025\/08\/ple-2.jpg\" \/>\n\t<meta property=\"og:image:width\" content=\"960\" \/>\n\t<meta property=\"og:image:height\" content=\"959\" \/>\n\t<meta property=\"og:image:type\" content=\"image\/jpeg\" \/>\n<meta name=\"twitter:card\" content=\"summary_large_image\" \/>\n<meta name=\"twitter:label1\" content=\"Dur\u00e9e de lecture estim\u00e9e\" \/>\n\t<meta name=\"twitter:data1\" content=\"2 minutes\" \/>\n<script type=\"application\/ld+json\" class=\"yoast-schema-graph\">{\"@context\":\"https:\\\/\\\/schema.org\",\"@graph\":[{\"@type\":\"WebPage\",\"@id\":\"https:\\\/\\\/ecrireetplus.com\\\/?page_id=1873\",\"url\":\"https:\\\/\\\/ecrireetplus.com\\\/?page_id=1873\",\"name\":\"La P\u00e9dagogie de la Langue \u00c9crite (PLE) -\",\"isPartOf\":{\"@id\":\"https:\\\/\\\/ecrireetplus.com\\\/#website\"},\"primaryImageOfPage\":{\"@id\":\"https:\\\/\\\/ecrireetplus.com\\\/?page_id=1873#primaryimage\"},\"image\":{\"@id\":\"https:\\\/\\\/ecrireetplus.com\\\/?page_id=1873#primaryimage\"},\"thumbnailUrl\":\"http:\\\/\\\/ecrireetplus.com\\\/wp-content\\\/uploads\\\/2025\\\/08\\\/img_0038-2.jpg?w=960\",\"datePublished\":\"2025-08-26T08:10:24+00:00\",\"dateModified\":\"2026-01-26T16:49:20+00:00\",\"description\":\"Difficult\u00e9s en lecture ou orthographe ? P\u00e9dagogie de la Langue \u00c9crite pour enfants et adultes pour apprendre et r\u00e9diger.\",\"breadcrumb\":{\"@id\":\"https:\\\/\\\/ecrireetplus.com\\\/?page_id=1873#breadcrumb\"},\"inLanguage\":\"fr-FR\",\"potentialAction\":[{\"@type\":\"ReadAction\",\"target\":[\"https:\\\/\\\/ecrireetplus.com\\\/?page_id=1873\"]}]},{\"@type\":\"ImageObject\",\"inLanguage\":\"fr-FR\",\"@id\":\"https:\\\/\\\/ecrireetplus.com\\\/?page_id=1873#primaryimage\",\"url\":\"https:\\\/\\\/ecrireetplus.com\\\/wp-content\\\/uploads\\\/2025\\\/08\\\/img_0038-2.jpg\",\"contentUrl\":\"https:\\\/\\\/ecrireetplus.com\\\/wp-content\\\/uploads\\\/2025\\\/08\\\/img_0038-2.jpg\",\"width\":960,\"height\":959},{\"@type\":\"BreadcrumbList\",\"@id\":\"https:\\\/\\\/ecrireetplus.com\\\/?page_id=1873#breadcrumb\",\"itemListElement\":[{\"@type\":\"ListItem\",\"position\":1,\"name\":\"Home\",\"item\":\"https:\\\/\\\/ecrireetplus.com\\\/\"},{\"@type\":\"ListItem\",\"position\":2,\"name\":\"p\u00e9dagogie de la langue \u00e9crite\"}]},{\"@type\":\"WebSite\",\"@id\":\"https:\\\/\\\/ecrireetplus.com\\\/#website\",\"url\":\"https:\\\/\\\/ecrireetplus.com\\\/\",\"name\":\"EcrireEtPlus\",\"description\":\"\u00c9crire lisiblement, efficacement et sans douleur\",\"publisher\":{\"@id\":\"https:\\\/\\\/ecrireetplus.com\\\/#organization\"},\"potentialAction\":[{\"@type\":\"SearchAction\",\"target\":{\"@type\":\"EntryPoint\",\"urlTemplate\":\"https:\\\/\\\/ecrireetplus.com\\\/?s={search_term_string}\"},\"query-input\":{\"@type\":\"PropertyValueSpecification\",\"valueRequired\":true,\"valueName\":\"search_term_string\"}}],\"inLanguage\":\"fr-FR\"},{\"@type\":\"Organization\",\"@id\":\"https:\\\/\\\/ecrireetplus.com\\\/#organization\",\"name\":\"EcrireEtPlus\",\"url\":\"https:\\\/\\\/ecrireetplus.com\\\/\",\"logo\":{\"@type\":\"ImageObject\",\"inLanguage\":\"fr-FR\",\"@id\":\"https:\\\/\\\/ecrireetplus.com\\\/#\\\/schema\\\/logo\\\/image\\\/\",\"url\":\"https:\\\/\\\/ecrireetplus.com\\\/wp-content\\\/uploads\\\/2025\\\/08\\\/cropped-logo-ecrire-et-plus-2026-image.png\",\"contentUrl\":\"https:\\\/\\\/ecrireetplus.com\\\/wp-content\\\/uploads\\\/2025\\\/08\\\/cropped-logo-ecrire-et-plus-2026-image.png\",\"width\":488,\"height\":285,\"caption\":\"EcrireEtPlus\"},\"image\":{\"@id\":\"https:\\\/\\\/ecrireetplus.com\\\/#\\\/schema\\\/logo\\\/image\\\/\"},\"sameAs\":[\"https:\\\/\\\/www.facebook.com\\\/EcrireEtPlus\",\"https:\\\/\\\/www.instagram.com\\\/ecrireetplus\\\/\"]}]}<\/script>\n<!-- \/ Yoast SEO plugin. -->","yoast_head_json":{"title":"La P\u00e9dagogie de la Langue \u00c9crite (PLE) -","description":"Difficult\u00e9s en lecture ou orthographe ? P\u00e9dagogie de la Langue \u00c9crite pour enfants et adultes pour apprendre et r\u00e9diger.","robots":{"index":"index","follow":"follow","max-snippet":"max-snippet:-1","max-image-preview":"max-image-preview:large","max-video-preview":"max-video-preview:-1"},"canonical":"https:\/\/ecrireetplus.com\/?page_id=1873","og_locale":"fr_FR","og_type":"article","og_title":"Mieux comprendre orthographe, conjugaison, grammaire en s'amusant","og_description":"P\u00e9dagogie de la langue \u00e9crite, des activit\u00e9s ludiques pour mieux apprendre l'orthographe, la conjugaison et la grammaire.","og_url":"https:\/\/ecrireetplus.com\/?page_id=1873","article_publisher":"https:\/\/www.facebook.com\/EcrireEtPlus","article_modified_time":"2026-01-26T16:49:20+00:00","og_image":[{"width":960,"height":959,"url":"http:\/\/ecrireetplus.com\/wp-content\/uploads\/2025\/08\/ple-2.jpg","type":"image\/jpeg"}],"twitter_card":"summary_large_image","twitter_misc":{"Dur\u00e9e de lecture estim\u00e9e":"2 minutes"},"schema":{"@context":"https:\/\/schema.org","@graph":[{"@type":"WebPage","@id":"https:\/\/ecrireetplus.com\/?page_id=1873","url":"https:\/\/ecrireetplus.com\/?page_id=1873","name":"La P\u00e9dagogie de la Langue \u00c9crite (PLE) -","isPartOf":{"@id":"https:\/\/ecrireetplus.com\/#website"},"primaryImageOfPage":{"@id":"https:\/\/ecrireetplus.com\/?page_id=1873#primaryimage"},"image":{"@id":"https:\/\/ecrireetplus.com\/?page_id=1873#primaryimage"},"thumbnailUrl":"http:\/\/ecrireetplus.com\/wp-content\/uploads\/2025\/08\/img_0038-2.jpg?w=960","datePublished":"2025-08-26T08:10:24+00:00","dateModified":"2026-01-26T16:49:20+00:00","description":"Difficult\u00e9s en lecture ou orthographe ? P\u00e9dagogie de la Langue \u00c9crite pour enfants et adultes pour apprendre et r\u00e9diger.","breadcrumb":{"@id":"https:\/\/ecrireetplus.com\/?page_id=1873#breadcrumb"},"inLanguage":"fr-FR","potentialAction":[{"@type":"ReadAction","target":["https:\/\/ecrireetplus.com\/?page_id=1873"]}]},{"@type":"ImageObject","inLanguage":"fr-FR","@id":"https:\/\/ecrireetplus.com\/?page_id=1873#primaryimage","url":"https:\/\/ecrireetplus.com\/wp-content\/uploads\/2025\/08\/img_0038-2.jpg","contentUrl":"https:\/\/ecrireetplus.com\/wp-content\/uploads\/2025\/08\/img_0038-2.jpg","width":960,"height":959},{"@type":"BreadcrumbList","@id":"https:\/\/ecrireetplus.com\/?page_id=1873#breadcrumb","itemListElement":[{"@type":"ListItem","position":1,"name":"Home","item":"https:\/\/ecrireetplus.com\/"},{"@type":"ListItem","position":2,"name":"p\u00e9dagogie de la langue \u00e9crite"}]},{"@type":"WebSite","@id":"https:\/\/ecrireetplus.com\/#website","url":"https:\/\/ecrireetplus.com\/","name":"EcrireEtPlus","description":"\u00c9crire lisiblement, efficacement et sans douleur","publisher":{"@id":"https:\/\/ecrireetplus.com\/#organization"},"potentialAction":[{"@type":"SearchAction","target":{"@type":"EntryPoint","urlTemplate":"https:\/\/ecrireetplus.com\/?s={search_term_string}"},"query-input":{"@type":"PropertyValueSpecification","valueRequired":true,"valueName":"search_term_string"}}],"inLanguage":"fr-FR"},{"@type":"Organization","@id":"https:\/\/ecrireetplus.com\/#organization","name":"EcrireEtPlus","url":"https:\/\/ecrireetplus.com\/","logo":{"@type":"ImageObject","inLanguage":"fr-FR","@id":"https:\/\/ecrireetplus.com\/#\/schema\/logo\/image\/","url":"https:\/\/ecrireetplus.com\/wp-content\/uploads\/2025\/08\/cropped-logo-ecrire-et-plus-2026-image.png","contentUrl":"https:\/\/ecrireetplus.com\/wp-content\/uploads\/2025\/08\/cropped-logo-ecrire-et-plus-2026-image.png","width":488,"height":285,"caption":"EcrireEtPlus"},"image":{"@id":"https:\/\/ecrireetplus.com\/#\/schema\/logo\/image\/"},"sameAs":["https:\/\/www.facebook.com\/EcrireEtPlus","https:\/\/www.instagram.com\/ecrireetplus\/"]}]}},"jetpack_sharing_enabled":true,"jetpack_likes_enabled":true,"_links":{"self":[{"href":"https:\/\/ecrireetplus.com\/index.php?rest_route=\/wp\/v2\/pages\/1873","targetHints":{"allow":["GET"]}}],"collection":[{"href":"https:\/\/ecrireetplus.com\/index.php?rest_route=\/wp\/v2\/pages"}],"about":[{"href":"https:\/\/ecrireetplus.com\/index.php?rest_route=\/wp\/v2\/types\/page"}],"author":[{"embeddable":true,"href":"https:\/\/ecrireetplus.com\/index.php?rest_route=\/wp\/v2\/users\/2"}],"replies":[{"embeddable":true,"href":"https:\/\/ecrireetplus.com\/index.php?rest_route=%2Fwp%2Fv2%2Fcomments&post=1873"}],"version-history":[{"count":16,"href":"https:\/\/ecrireetplus.com\/index.php?rest_route=\/wp\/v2\/pages\/1873\/revisions"}],"predecessor-version":[{"id":2218,"href":"https:\/\/ecrireetplus.com\/index.php?rest_route=\/wp\/v2\/pages\/1873\/revisions\/2218"}],"wp:attachment":[{"href":"https:\/\/ecrireetplus.com\/index.php?rest_route=%2Fwp%2Fv2%2Fmedia&parent=1873"}],"curies":[{"name":"wp","href":"https:\/\/api.w.org\/{rel}","templated":true}]}}